 prime factors of 54854?
2, 27427
List the prime factors of 157060.
2, 5, 7853
List the prime factors of 1369513.
421, 3253
List the prime factors of 20059326.
2, 3, 7, 19
What are the prime factors of 1481391?
3, 164599
List the prime factors of 362991.
3, 120997
What are the prime factors of 378245?
5, 7, 101, 107
List the prime factors of 21648055.
5, 11, 13, 17, 137
List the prime factors of 14782375.
5, 118259
List the prime factors of 3141253.
71, 151, 293
What are the prime factors of 5533429?
11, 503039
List the prime factors of 570149.
281, 2029
List the prime factors of 7900785.
3, 5, 175573
What are the prime factors of 1477433?
463, 3191
List the prime factors of 14096190.
2, 3, 5, 547, 859
What are the prime factors of 1062773?
31, 34283
List the prime factors of 3891838.
2, 1945919
What are the prime factors of 1252445?
5, 250489
What are the prime factors of 137282?
2, 83, 827
List the prime factors of 69138.
2, 3, 23, 167
List the prime factors of 2726916.
2, 3, 113, 2011
What are the prime factors of 2176801?
11, 197891
What are the prime factors of 500441?
19, 26339
List the prime factors of 248408.
2, 31051
List the prime factors of 3652065.
3, 5, 81157
What are the prime factors of 4846010?
2, 5, 13, 37277
List the prime factors of 2455797.
3, 47, 17417
List the prime factors of 16130551.
409, 39439
What are the prime factors of 1127109?
3, 375703
List the prime factors of 2895299.
11, 263209
What are the prime factors of 130955?
5, 11, 2381
What are the prime factors of 2412915?
3, 5, 160861
What are the prime factors of 986416?
2, 61651
What are the prime factors of 118000?
2, 5, 59
What are the prime factors of 496962?
2, 3, 9203
List the prime factors of 3734730.
2, 3, 5, 17, 2441
What are the prime factors of 432276?
2, 3, 13, 17, 163
What are the prime factors of 119085?
3, 5, 17, 467
What are the prime factors of 42734?
2, 23, 929
List the prime factors of 2416844.
2, 113, 5347
What are the prime factors of 170811?
3, 18979
List the prime factors of 7050507.
3, 101, 23269
What are the prime factors of 303893?
31, 9803
List the prime factors of 17423.
7, 19, 131
List the prime factors of 3730262.
2, 41, 45491
List the prime factors of 446324.
2, 111581
List the prime factors of 301003.
181, 1663
What are the prime factors of 1706591?
1706591
What are the prime factors of 536038?
2, 23, 43, 271
List the prime factors of 170389.
170389
List the prime factors of 435498.
2, 3, 7, 10369
What are the prime factors of 5243115?
3, 5, 431, 811
List the prime factors of 123720.
2, 3, 5, 1031
What are the prime factors of 27950?
2, 5, 13, 43
What are the prime factors of 16012679?
16012679
List the prime factors of 8076742.
2, 607, 6653
What are the prime factors of 2230778?
2, 11, 101399
What are the prime factors of 480801?
3, 139, 1153
What are the prime factors of 5473380?
2, 3, 5, 11, 8293
What are the prime factors of 800356?
2, 19, 10531
What are the prime factors of 235238?
2, 117619
List the prime factors of 9640603.
7, 181, 1087
What are the prime factors of 26349?
3, 8783
What are the prime factors of 80905?
5, 11, 1471
List the prime factors of 757039.
757039
What are the prime factors of 314460?
2, 3, 5, 1747
What are the prime factors of 378862?
2, 11, 17, 1013
What are the prime factors of 381036?
2, 3, 113, 281
What are the prime factors of 170502?
2, 3, 157, 181
List the prime factors of 2136762.
2, 3, 118709
What are the prime factors of 1520583?
3, 506861
What are the prime factors of 22312522?
2, 97, 115013
What are the prime factors of 2456391?
3, 7, 53, 2207
List the prime factors of 769882.
2, 384941
List the prime factors of 977379.
3, 13, 19, 1319
What are the prime factors of 30315?
3, 5, 43, 47
What are the prime factors of 6542433?
3, 17, 61, 701
List the prime factors of 3532191.
3, 13, 41, 47
List the prime factors of 141201.
3, 29, 541
What are the prime factors of 2584921?
1297, 1993
List the prime factors of 490465.
5, 233, 421
What are the prime factors of 3070656?
2, 3, 1777
What are the prime factors of 518118?
2, 3, 86353
What are the prime factors of 1818?
2, 3, 101
List the prime factors of 513170.
2, 5, 7, 7331
What are the prime factors of 1013357?
23, 44059
List the prime factors of 188521.
53, 3557
List the prime factors of 916898.
2, 458449
List the prime factors of 584935.
5, 13, 8999
What are the prime factors of 1909361?
61, 113, 277
List the prime factors of 19058674.
2, 23, 317, 1307
What are the prime factors of 20153590?
2, 5, 2015359
List the prime factors of 1404894.
2, 3, 234149
List the prime factors of 1810363.
1810363
What are the prime factors of 44986?
2, 83, 271
List the prime factors of 1657467.
3, 7, 26309
List the prime factors of 17198359.
263, 65393
List the prime factors of 664130.
2, 5, 66413
List the prime factors of 178516.
2, 13, 3433
List the prime factors of 1436308.
2, 137, 2621
What are the prime factors of 1352059?
19, 71161
List the prime factors of 8055708.
2, 3, 281, 2389
What are the prime factors of 3827664?
2, 3, 19, 1399
What are the prime factors of 239013?
3, 26557
What are the prime factors of 390519?
3, 43391
What are the prime factors of 510123?
3, 97, 1753
What are the prime factors of 8332627?
293, 28439
List the prime factors of 132801.
3, 44267
What are the prime factors of 382307?
29, 13183
What are the prime factors of 492051?
3, 7, 23431
What are the prime factors of 3764454?
2, 3, 31, 37, 547
What are the prime factors of 14296499?
7, 2042357
What are the prime factors of 1434854?
2, 717427
List the prime factors of 247581.
3, 27509
List the prime factors of 304879.
304879
List the prime factors of 2377913.
29, 167, 491
What are the prime factors of 1712444?
2, 17, 25183
What are the prime factors of 15059658?
2, 3, 109, 23027
List the prime factors of 60237.
3, 23, 97
List the prime factors of 8673646.
2, 167, 25969
What are the prime factors of 7388005?
5, 97, 15233
What are the prime factors of 17988822?
2, 3, 17, 58787
List the prime factors of 130139.
181, 719
What are the prime factors of 1065321?
3, 118369
List the prime factors of 4799568.
2, 3, 99991
What are the prime factors of 4001192?
2, 13, 79, 487
What are the prime factors of 356314?
2, 7, 31, 821
What are the prime factors of 378503?
378503
What are the prime factors of 3696047?
71, 52057
What are the prime factors of 429418?
2, 11, 131, 149
List the prime factors of 12987403.
11, 13, 90821
List the prime factors of 708492.
2, 3, 17, 23, 151
List the prime factors of 5427956.
2, 1097, 1237
What are the prime factors of 1429556?
2, 357389
List the prime factors of 74670.
2, 3, 5, 19, 131
What are the prime factors of 636166?
2, 179, 1777
What are the prime factors of 304321?
163, 1867
What are the prime factors of 286116?
2, 3, 113, 211
List the prime factors of 2284330.
2, 5, 29, 7877
List the prime factors of 16226342.
2, 11, 19, 3529
List the prime factors of 4124156.
2, 47, 21937
What are the prime factors of 14084872?
2, 1760609
What are the prime factors of 241301?
227, 1063
What are the prime factors of 354106?
2, 101, 1753
List the prime factors of 4732925.
5, 31, 197
What are the prime factors of 242960?
2, 5, 3037
List the prime factors of 252912.
2, 3, 11, 479
List the prime factors of 2241907.
173, 12959
List the prime factors of 3239925.
3, 5, 13, 3323
What are the prime factors of 124906?
2, 19, 173
List the prime factors of 5072407.
59, 149, 577
What are the prime factors of 21065?
5, 11, 383
List the prime factors of 7210728.
2, 3, 7, 19, 251
List the prime factors of 11829080.
2, 5, 295727
List the prime factors of 13480081.
139, 96979
What are the prime factors of 1756756?
2, 431, 1019
What are the prime factors of 148650?
2, 3, 5, 991
What are the prime factors of 23537322?
2, 3, 199, 6571
What are the prime factors of 498839?
11, 101, 449
What are the prime factors of 327650?
2, 5, 6553
What are the prime factors of 179407?
179407
What are the prime factors of 636106?
2, 17, 53, 353
What are the prime factors of 841762?
2, 89, 4729
What are the prime factors of 285653?
331, 863
What are the prime factors of 6264146?
2, 7, 447439
List the prime factors of 664245.
3, 5, 29, 509
List the prime factors of 415102.
2, 207551
List the prime factors of 